t is -22 - 3?
-25
In base 16, what is 170 + d?
17d
In base 7, what is -31 - 10?
-41
In base 16, what is -4 + -27?
-2b
In base 12, what is -3 + 15?
12
In base 4, what is 3200 - 10?
3130
In base 3, what is -1021 - 2212?
-11010
In base 10, what is 348 - -1?
349
In base 7, what is 20 - -4?
24
In base 4, what is -3312 + -23?
-10001
In base 13, what is 5 + -a?
-5
In base 2, what is 10010101 + 1010?
10011111
In base 3, what is -1022022 - -100?
-1021222
In base 16, what is 2 - 2c?
-2a
In base 5, what is -1 - -2030?
2024
In base 4, what is -11 + -200?
-211
In base 5, what is 2 - -2041?
2043
In base 8, what is 4 - 46?
-42
In base 8, what is 5 - 231?
-224
In base 16, what is -24c - -5?
-247
In base 13, what is -3 - 1c?
-22
In base 16, what is 1b67 - 4?
1b63
In base 9, what is -1 - 70?
-71
In base 12, what is -634 - -3?
-631
In base 16, what is 5b6 - 1?
5b5
In base 15, what is -4 - -e0d?
e09
In base 7, what is 145 - -13?
161
In base 9, what is 4 + 4?
8
In base 7, what is 10143 + -4?
10136
In base 2, what is -11 + -10100000001?
-10100000100
In base 5, what is 0 - -203?
203
In base 12, what is 10 + -7?
5
In base 7, what is 2 + -22?
-20
In base 14, what is -10a0d + 5?
-10a08
In base 11, what is 5 + 3a11?
3a16
In base 5, what is -10222 - -10?
-10212
In base 3, what is -111 + -10201?
-11012
In base 2, what is -101110 - 10100?
-1000010
In base 2, what is 101 + -100011100?
-100010111
In base 9, what is 4 + -378?
-374
In base 3, what is 0 + 12100?
12100
In base 7, what is 4 + -55?
-51
In base 2, what is 100 - -10?
110
In base 15, what is -292 - 47?
-2d9
In base 6, what is 4 + -50?
-42
In base 8, what is -5 - 17000?
-17005
In base 16, what is -84 + -1?
-85
In base 9, what is 4 - -2?
6
In base 15, what is 2b - 105?
-c9
In base 10, what is -4 + 22?
18
In base 10, what is -11 + -39?
-50
In base 15, what is b + 8?
14
In base 5, what is -2043 - -10?
-2033
In base 2, what is -111001111 - -1?
-111001110
In base 5, what is -1132 - -43?
-1034
In base 16, what is 3 + -88?
-85
In base 16, what is 7 + 468?
46f
In base 14, what is 12 - 0?
12
In base 9, what is -3 - -16?
13
In base 14, what is -5 - d09?
-d10
In base 3, what is 10121 + 10?
10201
In base 9, what is 0 + 10?
10
In base 9, what is -4 - 1603?
-1607
In base 12, what is -9 + 1?
-8
In base 2, what is 1000 - 10011000?
-10010000
In base 9, what is 14 + 3?
17
In base 14, what is -5 + 57?
52
In base 13, what is -2 + 5?
3
In base 3, what is 10 + -102?
-22
In base 14, what is 82c - 4?
828
In base 12, what is 1709 + 3?
1710
In base 12, what is -46 - 4?
-4a
In base 13, what is -210 - -3?
-20a
In base 9, what is 1 + -2162?
-2161
In base 16, what is -4d - 0?
-4d
In base 6, what is -13 - 4543?
-5000
In base 11, what is 4 - -84?
88
In base 2, what is 11 + 101?
1000
In base 4, what is -2103 - -130?
-1313
In base 10, what is 1043 - 3?
1040
In base 6, what is -221 - 443?
-1104
In base 12, what is -32 + 9?
-25
In base 6, what is -12 - -5?
-3
In base 10, what is 18791 + 5?
18796
In base 14, what is -2 - -25?
23
In base 13, what is -2c0 + 0?
-2c0
In base 6, what is 4 + -501?
-453
In base 7, what is 1 - 400?
-366
In base 15, what is 2d + 32?
60
In base 10, what is 16 + 628?
644
In base 11, what is -20 + 7?
-14
In base 10, what is 2 + 1277?
1279
In base 7, what is -5 - -114?
106
In base 16, what is 3 - 199?
-196
In base 16, what is 236 + -4?
232
In base 6, what is -10 - 11212?
-11222
In base 16, what is -2bf - -2?
-2bd
In base 10, what is -952 + -2?
-954
In base 13, what is 2c7 + 0?
2c7
In base 14, what is -21 - -2?
-1d
In base 12, what is -1 + -8?
-9
In base 4, what is 11 + 102130?
102201
In base 9, what is 443 + -2?
441
In base 13, what is 3 + 67?
6a
In base 4, what is 313 + 21?
1000
In base 5, what is 32 + -23?
4
In base 10, what is -3 - -49?
46
In base 10, what is 130 + -9?
121
In base 16, what is b + -38?
-2d
In base 8, what is -415 - -3?
-412
In base 8, what is -10 + 45?
35
In base 16, what is 5 + 1a?
1f
In base 15, what is 4 - cb5?
-cb1
In base 7, what is -14 + -101?
-115
In base 5, what is 11 - 43?
-32
In base 8, what is 33 - 514?
-461
In base 14, what is b22 - 3?
b1d
In base 5, what is -1 - 204?
-210
In base 3, what is -12 - -102022?
102010
In base 8, what is -3 - 2621?
-2624
In base 9, what is -8 + 71?
62
In base 6, what is -21 - 110?
-131
In base 12, what is -6 + 1833?
1829
In base 2, what is -1 - -1111000001010?
1111000001001
In base 12, what is 4 + -8a?
-86
In base 16, what is 6 + 2d7?
2dd
In base 13, what is 2 + -27?
-25
In base 3, what is 2000011 + 1?
2000012
In base 16, what is -11 - -8?
-9
In base 13, what is 2 + 2b?
30
In base 9, what is 82 + -22?
60
In base 3, what is -10 + -1110?
-1120
In base 4, what is 11301 + 11?
11312
In base 14, what is 1a + 2a?
46
In base 16, what is -1 - -3?
2
In base 2, what is 101 - -1001101?
1010010
In base 5, what is 4 - -2422?
2431
In base 16, what is -13 - -2?
-11
In base 9, what is 1021 + 4?
1025
In base 10, what is -1 - 326?
-327
In base 11, what is 6 + -40?
-35
In base 11, what is 5 + 75?
7a
In base 2, what is -11110001 - 1000?
-11111001
In base 4, what is 2102021 - -2?
2102023
In base 6, what is 1 - -222?
223
In base 15, what is -1173 + -4?
-1177
In base 6, what is 1103 - 13?
1050
In base 15, what is 6 - -2?
8
In base 3, what is -1122 + 1121?
-1
In base 5, what is -14 + 20?
1
In base 14, what is 8 + 3?
b
In base 9, what is 128 + -4?
124
In base 6, what is 10 - 41?
-31
In base 4, what is 310 + -10?
300
In base 13, what is -6 + 1b?
15
In base 14, what is 3 + -21?
-1c
In base 13, what is 5 + -a?
-5
In base 16, what is -5 - a?
-f
In base 9, what is -462 - 1?
-463
In base 8, what is -5 + -4436?
-4443
In base 16, what is -5 - -3b?
36
In base 15, what is -1 - 15a1?
-15a2
In base 10, what is -5 + 7?
2
In base 13, what is 8 - -43?
4b
In base 16, what is -356 - 5?
-35b
In base 5, what is -2 - -200?
143
In base 3, what is -122 + 11?
-111
In base 4, what is 0 - 100?
-100
In base 12, what is -5 - 6?
-b
In base 11, what is -a - 3?
-12
In base 2, what is -10000 - -10011000000?
10010110000
In base 6, what is 55 + -1?
54
In base 4, what is 1 + -1033?
-1032
In base 6, what is -2 + 534?
532
In base 2, what is 1 + -100001111?
-100001110
In base 4, what is -10 - -112101?
112031
In base 12, what is 3091 + -6?
3087
In base 14, what is -326a - 5?
-3271
In base 13, what is 8a1 - -2?
8a3
In base 16, what is -4 - 5?
-9
In base 13, what is -15a - 3?
-160
In base 5, what is 21423 - -3?
21431
In base 2, what is -1110011111 - 11?
-1110100010
In base 12, what is 52b - 3?
528
In base 16, what is -5 + -141?
-146
In base 8, what is 66123 + -2?
66121
In base 6, what is -514 + 0?
-514
In base 6, what is 1534 + 2?
1540
In base 7, what is -1361 - -2?
-1356
In base 6, what is 235 - 5?
230
In base 11, what is -2 - -254?
252
In base 9, what is 0 - -7316?
7316
In base 4, what is -1110012 + -3?
-1110021
In base 14, what is -40c - 1?
-40d
In base 8, what is 1762 + -5?
1755
In base 3, what is 1222212 + 1?
1222220
In base 7, what is -1342 + 0?
-1342
In base 9, what is 37 - 275?
-237
In base 16, what is -2f6 - 4?
-2fa
In base 2, what is -100101100001 + -1?
-100101100010
In base 5, what is -2 + -24141?
-24143
In base 15, what is -189d - 4?
-18a2
In base 8, what is 15 + 52?
67
In base 16, what is -29 - 9?
-32
In base 7, what is 1 + -246?
-245
In base 8, what is -40 + -370?
-430
In base 15, what is 89b + 0?
89b
In base 12, what is -b - 0?
-b
In base 11, what is 34 + 51?
85
In base 11, what is -1a13 + 1?
-1a12
In base 8, what is 13 - 1037?
-1024
In base 6, what is -4 - -15?
11
In base 5, what is -10341 + -13?
-10404
In base 5, what is 10 + -10334?
-10324
In base 6, what is -10 - -344?
334
In base 14, what is -15 - 8?
-1d
In base 16, what is 3 + -8?
-5
In base 14, what is -5 + 4b?
46
In base 16, what is 58 - -7?
5f
In base 3, what is 0 - 111?
-111
In base 12, what is -35 - 4?
-39
In base 12, what is -11 + -22?
-33
In base 5, what is 3 - -124443?
130001
In base 7, what is 0 - 164?
-164
In base 9, what is 22280 + 1?
22281
In base 8, what is 56 - 130?
-52
In base 3, what is -11000010 - 11?
-11000021
In base 7, what is 3 + -3446?
-3443
In base 16, what is -5 + 2e?
29
In base 12, what is 14 - -5?
19
In base 4, what is 2 - 1122?
-1120
In base 13, what is -3 + -171c?
-1722
In base 5, what is 2224 + 2?
2231
In base 10, what is -1646 - 0?
-16